Let u = 1337 - 902. What is the tens digit of u?
3
Let g(z) = z**2 + 2 + 1 + z**3 - 2*z**2 + 4*z**2. Let u be g(-4). Let i = u + 59. What is the tens digit of i?
4
What is the tens digit of ((-44)/6)/(14/(-1806))?
4
What is the units digit of -86*(-12)/(-9)*612/(-24)?
4
Suppose 3*l - 11 = -2. Suppose 24 = w - l. What is the units digit of w?
7
Suppose -381 = 5*r - 3*j, 2*r = 7*r + j + 373. Let q = r - -51. Let x = q + 49. What is the units digit of x?
5
Let n(b) = 2*b**2 + 7*b - 5. Let m be 11/4 + 3 + 1/4. What is the hundreds digit of n(m)?
1
Suppose -9 - 58 = d. Let j = -2 - d. What is the tens digit of j?
6
Let g be 2/8 + 9645/(-20). Let h be g/6 - (-8)/(-12). Let l = -51 - h. What is the tens digit of l?
3
Suppose 3*p + 2 = 8. Suppose -p*h = -h - 2*s - 2, 2*s - 10 = -2*h. Suppose 2*u - 3*u + h*k + 22 = 0, -5*u + k + 53 = 0. What is the units digit of u?
0
Let p be 1752/15 - (-4)/20. Let q = p - -27. What is the hundreds digit of q?
1
Let m be ((-250439)/(-42))/(-19) + (-2)/12. Let h = m + 539. What is the hundreds digit of h?
2
Let i(x) = x**2 + 6*x - 7. Let t be i(-7). Suppose v + t - 1 = -2*u, -5*v - 19 = 2*u. What is the units digit of (-44)/v + 3/15?
9
Let w(p) = -108*p + 402. What is the tens digit of w(-5)?
4
Suppose 0 = 73*p - 181840 + 16057. What is the units digit of p?
1
What is the hundreds digit of (-64)/416 + ((-43948)/(-26))/2?
8
Let s(o) = 5*o**2 + 2*o - 1. Let a be s(-2). Suppose a*r - 21*r = -1350. What is the hundreds digit of r?
2
Let d = 25 + -10. Let a be (-4)/(-10) - 6/d. Suppose -2*f + 6*f - 128 = a. What is the tens digit of f?
3
Let w(t) be the second derivative of -t**4/12 + t**3/2 + 7*t**2/2 - 7*t. Let h be w(5). What is the units digit of (-27 - h)*(-1)/1?
4
Let v(m) = 53*m - 1. What is the hundreds digit of v(3)?
1
Let b = 10 + -19. Let y be ((-3)/b)/(2/444). Suppose 5*c + 19 - y = -2*q, 0 = -2*q + 3*c + 15. What is the tens digit of q?
1
Let y(q) = 21*q**2 - 2 - 10*q**2 + 5*q - 14*q**2 + q**3. What is the units digit of y(4)?
4
Let b(v) = 2*v**2 - 16*v + 42. What is the tens digit of b(8)?
4
Suppose 5*g - 17*g = -15600. What is the hundreds digit of g?
3
Suppose 4*w = -3*i + 1656, -2*i + 2728 = 3*i - 4*w. What is the hundreds digit of i?
5
Let w(b) = 4*b + 2. Let x be w(-11). Let a be (6/4)/(x/(-392)). Let k = 28 - a. What is the units digit of k?
4
Suppose 2*l - 1 - 5 = 0. Suppose 5*a = l*a. Suppose a = -r + 14. What is the units digit of r?
4
Let s(f) = -f**3 + 12*f**2 - 2*f + 10. Let o be s(12). Let u(j) = 4*j + 79. What is the tens digit of u(o)?
2
Suppose -17 = 3*r + 1. Let t be 4/r*(-3 + -3). Suppose -24 = -2*m - 4*c, 0*m = t*m - c - 93. What is the units digit of m?
2
Let p be ((-36)/12)/((-1)/14). Suppose 0 = 2*z - p + 14. Let d(g) = -g**3 + 13*g**2 + 17*g - 12. What is the units digit of d(z)?
0
Let o(y) = 17*y + 2. Suppose -k = -5*n + 26, 5*k = -5*n - 0*k + 50. What is the tens digit of o(n)?
0
Let r(t) = t**3 + 11*t**2 + 10*t - 9. Suppose 0 = 2*k - 5 + 23. What is the tens digit of r(k)?
6
Suppose 2*q = 5*k - 12292, -18*k + 16*k + 4916 = -q. What is the thousands digit of k?
2
Let c(j) = -3*j + 2. Let z = -19 - -8. What is the tens digit of c(z)?
3
Let n(w) = 3 - 55*w**3 - 4*w + w - 6*w**2 + 56*w**3 - 9. Let a be n(6). Let u = -9 - a. What is the units digit of u?
5
Let g(d) = -d**3 - 3*d + 4. Let c be g(-4). Suppose -3*f + 0*f = 2*b - 48, 5*b - 4*f = 74. What is the units digit of b/(-15)*c/(-6)?
6
Let d(g) = 11*g - 3. Suppose -9*z = -6*z - 12. Let f be d(z). Suppose 3*n - 2*n + 4*s = 35, -2*s + f = n. What is the units digit of n?
7
Suppose 0 = 5*c + 2*d - 99 - 93, c + 4*d - 42 = 0. What is the units digit of c?
8
Let t(p) = p**2 + 5*p - 6. Let h be t(-7). Suppose -44 = 7*o - h*o. What is the tens digit of o?
4
Let b be (12 + 0/(-1))/(-1). Let k(m) = -m**2 - m - 1. Let u(n) = 2*n**2 + 12*n - 7. Let d(l) = k(l) + u(l). What is the units digit of d(b)?
4
Let b(x) = -24*x. Suppose 2*a + 5*p = 2*p - 5, a + 5*p + 6 = 0. Let v be b(a). Suppose 4*y - v = y. What is the units digit of y?
8
Let y(l) = -l**3 - 2*l**2 - l + 63. Let h be y(0). Suppose -57*g = -h*g + 1134. What is the hundreds digit of g?
1
Suppose 0*s = -2*s - 5*j + 31, -20 = -4*j. Suppose n = -s*n. Suppose q - 5*q = -m - 38, n = 2*q - m - 20. What is the units digit of q?
9
Suppose 0*f + 3 = -f + b, -13 = f - 3*b. Let o(m) = m - 4*m**f - 5*m + m**3 + 2*m - 2. What is the units digit of o(5)?
3
Suppose 6*q + 5*j = 2*q - 43, -q + 8 = -5*j. Let k = q + 12. What is the units digit of k?
5
Suppose 46 = -13*d - 84. Let g(i) = -i**3 - 11*i**2 - 11*i + 8. What is the tens digit of g(d)?
1
Let h(l) = 25*l**2 + 33*l + 264. What is the thousands digit of h(-9)?
1
Suppose 6255 = 3*m - 35*n + 36*n, -5*m = -2*n - 10425. What is the units digit of m?
5
Suppose -670*p = -677*p + 10976. What is the thousands digit of p?
1
Suppose -5*b - 25 - 60 = 0. Let q = 64 + b. What is the tens digit of q?
4
Let q = 110 + 668. What is the hundreds digit of q?
7
Suppose 7*t - 8*t + 28 = 0. Let y = t + -22. What is the units digit of y?
6
Let z(o) = o**2 - 3*o + 2. Let c be z(2). Suppose -2*d + 5 - 13 = c. Let w = d - -25. What is the units digit of w?
1
Suppose -2*q + 84 = 2*q. Let k = q - -9. What is the tens digit of k?
3
Let t(x) be the second derivative of 5*x**3/6 - 9*x**2/2 + 18*x. What is the tens digit of t(13)?
5
What is the thousands digit of (-10578)/(-9) + (-28)/(-42) - 6?
1
Let f = -26 + 26. What is the tens digit of ((-1 - f)*-6)/(18/96)?
3
Suppose 2*f = -n + 7014, -46*f = -43*f - 5*n - 10534. What is the tens digit of f?
0
Let w = 10 + -7. What is the units digit of (-1)/3 + 571/w?
0
Let h be (14/(-3))/(1/(-6)). Let u = 132 + -120. Suppose -u = -4*t - 5*p, p = -t + 6*p + h. What is the units digit of t?
8
Suppose 3 + 9 = 4*g. Suppose 4*z = 19 - g. What is the units digit of (z/(-6))/(2/(-57))?
9
Let l = 329 + -506. Let k = l - -96. Let i = -44 - k. What is the tens digit of i?
3
Let t = 44 - 44. Suppose 7*d = -t*d + 819. What is the tens digit of d?
1
Let c = 4049 + -2170. What is the tens digit of c?
7
Let v = 676 - 61. What is the hundreds digit of v?
6
Let w(c) = c**3 + 8*c**2 + 4*c - 10. Let q = 14 + -21. Let v be w(q). Suppose -z = -2, v = k - 0*z - 5*z. What is the units digit of k?
1
Suppose -2*l + k - 9 = 0, l - 2*k = 6*l. What is the units digit of 1/(l + (-267)/(-132))?
4
Let z = -710 + 1629. What is the units digit of z?
9
Suppose 3*j + 127 + 62 = 4*t, j - 209 = -4*t. Suppose 0*u - 3*u = t. Let s = u + 35. What is the units digit of s?
8
Suppose k + 84 = 3*k. Let t = k + -66. Let a = t - -34. What is the tens digit of a?
1
Suppose 4*p - 17 + 5 = 0. Suppose -173 = -p*b + d, 0 = -4*b + b - 2*d + 176. What is the tens digit of b?
5
Suppose 31*p - 33*p = -2706. What is the thousands digit of p?
1
Suppose 4*z - 576 = 104. Let j be (288/(-40))/6*90. Let l = z + j. What is the tens digit of l?
6
Suppose 70*h - 74*h = -1592. What is the tens digit of h?
9
Let l = 130 - -40. What is the hundreds digit of l?
1
Let f = 27 + 189. Let t = f + -73. What is the units digit of t?
3
Let t = 27 - 24. Let q(z) = z**t - 4*z + 0*z + 2 + 7*z**2 - 9. What is the units digit of q(-7)?
1
Let v(a) = 9 + 2*a - a + 7. Let m be v(-11). Let q = -4 + m. What is the units digit of q?
1
Suppose 4*w - 4*c - 17 + 5 = 0, 5*w + c = 9. Suppose 0 = -2*f - 2*p + 24, w*f - 46 = -2*f - 3*p. What is the units digit of f?
0
Suppose 2*b + 3*i = -i + 94, b + 4*i = 55. What is the tens digit of b?
3
Suppose -q + 7*l - 5*l + 1840 = 0, -3*q + 5532 = -2*l. What is the hundreds digit of q?
8
Let i(d) = -d**2 + 8*d - 8. Let l be i(6). Suppose l*z + 83 = 3*o, 2*z = 3*z - 5*o + 42. Let c = 34 + z. What is the tens digit of c?
1
Suppose 0 = 34*j - 29*j - 1120. What is the hundreds digit of j?
2
Let o = 30 - 30. Suppose 3*n + 0*n - 21 = o. Let c = 25 + n. What is the units digit of c?
2
Let s be 3*(-3)/3 + 8. Suppose 2*c - s = m, 0 = -0*c + c + 3*m + 15. Let z(t) = -t**2 - t + 4. What is the units digit of z(c)?
4
Let x(b) = -215*b + 134. What is the units digit of x(-18)?
4
Suppose -2*z = -0*w - 5*w + 11642, 3*w + z = 6983. What is the units digit of w?
8
Let o be (-8)/10 - (-34)/5. Suppose 4*a - 326 = -5*q + o*a, -q - 4*a = -74. What is the tens digit of q?
6
Let n(i) = -i**2 + 9*i - 5. Let z b